{"id":78,"date":"2017-12-12T11:24:21","date_gmt":"2017-12-12T15:24:21","guid":{"rendered":"http:\/\/ayuntamiento.guineo\/transparencia\/?page_id=78"},"modified":"2021-04-12T00:00:27","modified_gmt":"2021-04-12T04:00:27","slug":"definicion-oaim","status":"publish","type":"page","link":"https:\/\/ayuntamientoneiba.gob.do\/transparencia\/definicion-oaim\/","title":{"rendered":"Definici\u00f3n OAIM"},"content":{"rendered":"<div class=\"container\">\n<div class=\"row\">\n<div class=\"col-lg-8 col-md-8 col-xs-12\">\n<section>\n<article id=\"post-78\" class=\"post-78 page type-page status-publish hentry\">\n<blockquote><p><span style=\"color: #008000\"><strong>Definici\u00f3n OAI (Oficina de Acceso a la Informaci\u00f3n p\u00fablica)<\/strong><\/span><\/p><\/blockquote>\n<p>La Oficina de Acceso a la Informaci\u00f3n (OAI), es un mandato de la Ley General de Libre Acceso a la Informaci\u00f3n P\u00fablica Ley 200-04 y el Decreto No. 130-05 que crea el reglamento de dicha ley, con el objetivo de apoyar a entidades y personas tanto p\u00fablicas como privadas mediante las informaciones solicitadas.<\/p>\n<blockquote><p><span style=\"color: #008000\"><strong>Visi\u00f3n<\/strong><\/span><\/p><\/blockquote>\n<p>Dar sost\u00e9n a los valores de honestidad, integridad, eficiencia, eficacia, calidad y trabajo en equipo de la Armada de Rep\u00fablica Dominicana, apoyando as\u00ed los esfuerzos de transparencia institucional.<\/p>\n<blockquote><p><span style=\"color: #008000\"><strong>Misi\u00f3n<\/strong><\/span><\/p><\/blockquote>\n<p>Garantizar el acceso de los usuarios a la informaci\u00f3n sobre la gesti\u00f3n de la Armada de Rep\u00fablica Dominicana como una forma de validar la transparencia de la instituci\u00f3n.<\/p>\n<blockquote><p><span style=\"color: #008000\"><strong>Definici\u00f3n RAI<\/strong><\/span><\/p><\/blockquote>\n<p>El representante de Acceso a la Informaci\u00f3n, es el responsable de tramitar y facilitar las informaciones requeridas y de ser el canal de comunicaci\u00f3n entre la instituci\u00f3n, ciudadanos y ciudadanas.<\/p>\n<blockquote><p><span style=\"color: #008000\"><strong>Proceso de Solicitud de Informaci\u00f3n:<\/strong><\/span><\/p><\/blockquote>\n<ul style=\"list-style-type: circle\">\n<li>Completar el formulario de solicitud de informaci\u00f3n.<\/li>\n<li>Se procede a la revisi\u00f3n de dicho documento con la finalidad de verificar que est\u00e1 debidamente completada(o).<\/li>\n<li>Se hace entrega de acuse de recibo al solicitante.<\/li>\n<li>Seg\u00fan la complejidad de la informaci\u00f3n, se asigna una fecha de entrega.<\/li>\n<li>En caso de no ser el ayuntamiento la entidad competente para ofrecer la informaci\u00f3n requerida, dicha solicitud se refiere a la instituci\u00f3n correspondiente y se le informa al solicitante, el curso que ha tomado su solicitud y la instituci\u00f3n destinataria.<\/li>\n<li>Seguimiento de la(s) solicitud(es) hasta confirmar que se ha suministrado la informaci\u00f3n.<\/li>\n<\/ul>\n<blockquote><p><span style=\"color: #008000\"><strong>Descarga en formato PDF el perfil de la Oficina de Libre Acceso a la Informaci\u00f3n.<\/strong><\/span><\/p>\n<p><span style=\"color: #008000\"><a style=\"color: #008000\" href=\"http:\/\/ayuntamientoneiba.gob.do\/transparencia\/wp-content\/uploads\/2021\/04\/Perfil-OAI.pdf\">Perfil OAI<\/a><\/span><\/p><\/blockquote>\n<\/article>\n<\/section>\n<\/div>\n<\/div>\n<\/div>\n<div class=\"container\">\n<div class=\"btn-interes\">\n<div class=\"widget-w\">\n<div id=\"wk-gridd77\" class=\"uk-grid-width-1-3 uk-grid-width-medium-1-6 uk-grid-width-large-1-6 uk-grid-width-xlarge-1-6 uk-grid uk-grid-match uk-text-left \" style=\"margin: 0px 0px 0px -35px;padding: 0px;text-align: left !important\">\n<div class=\"uk-row-first\">\n<div class=\"uk-panel\"><\/div>\n<\/div>\n<\/div>\n<\/div>\n<\/div>\n<\/div>\n","protected":false},"excerpt":{"rendered":"Definici\u00f3n OAI (Oficina de Acceso a la Informaci\u00f3n p\u00fablica) La Oficina de Acceso a la Informaci\u00f3n (OAI), es un mandato de la Ley General de Libre Acceso a la Informaci\u00f3n P\u00fablica Ley 200-04 y el Decreto No. 130-05 que crea el reglamento de dicha ley, con el objetivo de apoyar a entidades y personas tanto&#8230;","protected":false},"author":3,"featured_media":0,"parent":0,"menu_order":0,"comment_status":"closed","ping_status":"closed","template":"","meta":[],"acf":[],"_links":{"self":[{"href":"https:\/\/ayuntamientoneiba.gob.do\/transparencia\/wp-json\/wp\/v2\/pages\/78"}],"collection":[{"href":"https:\/\/ayuntamientoneiba.gob.do\/transparencia\/wp-json\/wp\/v2\/pages"}],"about":[{"href":"https:\/\/ayuntamientoneiba.gob.do\/transparencia\/wp-json\/wp\/v2\/types\/page"}],"author":[{"embeddable":true,"href":"https:\/\/ayuntamientoneiba.gob.do\/transparencia\/wp-json\/wp\/v2\/users\/3"}],"replies":[{"embeddable":true,"href":"https:\/\/ayuntamientoneiba.gob.do\/transparencia\/wp-json\/wp\/v2\/comments?post=78"}],"version-history":[{"count":7,"href":"https:\/\/ayuntamientoneiba.gob.do\/transparencia\/wp-json\/wp\/v2\/pages\/78\/revisions"}],"predecessor-version":[{"id":438,"href":"https:\/\/ayuntamientoneiba.gob.do\/transparencia\/wp-json\/wp\/v2\/pages\/78\/revisions\/438"}],"wp:attachment":[{"href":"https:\/\/ayuntamientoneiba.gob.do\/transparencia\/wp-json\/wp\/v2\/media?parent=78"}],"curies":[{"name":"wp","href":"https:\/\/api.w.org\/{rel}","templated":true}]}}